{"id":574,"date":"2024-02-15T14:28:32","date_gmt":"2024-02-15T14:28:32","guid":{"rendered":"https:\/\/pilgrimgroupstravel.com\/?post_type=product&#038;p=574"},"modified":"2024-02-15T15:10:42","modified_gmt":"2024-02-15T15:10:42","slug":"jubileo-2025-roma","status":"publish","type":"product","link":"https:\/\/pilgrimgroupstravel.com\/es\/producto\/jubileo-2025-roma\/","title":{"rendered":"Jubileo 2025 Roma"},"content":{"rendered":"<p class=\"cvGsUA direction-ltr align-start para-style-body\"><span class=\"OYPEnA text-decoration-none text-strikethrough-none\">A final de este a\u00f1o 2024, el Santo Padre abrir\u00e1 la Puerta Santa de San Pedro y dar\u00e1 por inaugurado un nuevo A\u00f1o Santo que abarcar\u00e1 el pr\u00f3ximo 2025.<\/span><\/p>\n<p class=\"cvGsUA direction-ltr align-start para-style-body\"><span class=\"OYPEnA text-decoration-none text-strikethrough-none\">Al mismo tiempo, se abrir\u00e1n las Puertas Santas de las otras tres bas\u00edlicas mayores;<\/span><span class=\"OYPEnA text-decoration-none text-strikethrough-none\"> San Juan de Letr\u00e1n, Santa Mar\u00eda la Mayor y San Pablo Extramuros<\/span><span class=\"OYPEnA text-decoration-none text-strikethrough-none\">. Es un a\u00f1o de perd\u00f3n y de J\u00fabilo que se celebra de forma ordinaria cada 25 a\u00f1os.<\/span><\/p>\n<p class=\"cvGsUA direction-ltr align-start para-style-body\"><span class=\"OYPEnA text-decoration-none text-strikethrough-none\">Es una buena <\/span><span class=\"OYPEnA text-decoration-none text-strikethrough-none\">ocasi\u00f3n para peregrinar a Roma<\/span><span class=\"OYPEnA text-decoration-none text-strikethrough-none\"> y participar en alguno de los Jubileos especiales que se detallan en las p\u00e1ginas siguientes, dos o tres d\u00edas normalmente, cada uno de ellos, en los que se invita a participar a todo el Pueblo de Dios seg\u00fan sus diferentes carismas o situaciones. <\/span><span class=\"OYPEnA text-decoration-none text-strikethrough-none\">Cuando peregrinamos<\/span><span class=\"OYPEnA text-decoration-none text-strikethrough-none\"> no cambiamos solo de lugar, sino que <\/span><span class=\"OYPEnA text-decoration-none text-strikethrough-none\">nos transformamos a nosotros mismos.<\/span><\/p>\n<p class=\"cvGsUA direction-ltr align-start para-style-body\"><span class=\"OYPEnA text-decoration-none text-strikethrough-none\">Partes del Jubileo son la Reconciliaci\u00f3n con Dios y con los dem\u00e1s, cruzar la Puerta Santa, la Oraci\u00f3n, la Liturgia, la Profesi\u00f3n de fe Te ofrecemos la oportunidad de acudir a Roma y con ese motivo te brindamos la ocasi\u00f3n de completar tu peregrinaci\u00f3n con algunas visitas religiosas o culturales en<\/span> <span class=\"OYPEnA text-decoration-none text-strikethrough-none\">Roma, As\u00eds, Toscana u otras partes de Italia.<\/span><\/p>\n<p><strong><span class=\"OYPEnA text-decoration-none text-strikethrough-none\">-Programa Base:<\/span><\/strong><\/p>\n<p class=\"cvGsUA direction-ltr align-start para-style-body\"><strong><span class=\"OYPEnA text-decoration-none text-strikethrough-none\">D\u00cdA 1\u00ba.<\/span><span class=\"OYPEnA text-decoration-none text-strikethrough-none\">Lugar de origen \u2013 Roma<\/span><\/strong><\/p>\n<p class=\"cvGsUA direction-ltr align-start para-style-body\"><strong><span class=\"OYPEnA text-decoration-none text-strikethrough-none\">D\u00cdA 2\u00ba Y D\u00cdA 3\u00ba <\/span><span class=\"OYPEnA text-decoration-none text-strikethrough-none\">Actos propios del Jubileo <\/span><\/strong><\/p>\n<p class=\"cvGsUA direction-ltr align-start para-style-body\"><strong><span class=\"OYPEnA text-decoration-none text-strikethrough-none\">D\u00cdA 4\u00ba.<\/span><span class=\"OYPEnA text-decoration-none text-strikethrough-none\">Roma; Catacumbas de San Calixto y Roma barroca<\/span><\/strong><\/p>\n<p class=\"cvGsUA direction-ltr align-start para-style-body\"><span class=\"OYPEnA text-decoration-none text-strikethrough-none\">V<\/span><span class=\"OYPEnA text-decoration-none text-strikethrough-none\">isita guiada a las Catacumbas de San Calixto. <\/span><span class=\"OYPEnA text-decoration-none text-strikethrough-none\">A continuacio\u0301n nos trasladaremos al centro de la ciudad para pasear <\/span><span class=\"OYPEnA text-decoration-none text-strikethrough-none\">por las principales plazas de la ciudad, la Plaza de Espan\u0303a. <\/span><span class=\"OYPEnA text-decoration-none text-strikethrough-none\">Proseguiremos por Via Condotti hasta llegar a la Piazza della Colonna y de ahi\u0301 a la Fontana di Trevi y plaza Navona.<\/span><\/p>\n<p class=\"cvGsUA direction-ltr align-start para-style-body\"><strong><span class=\"OYPEnA text-decoration-none text-strikethrough-none\">D\u00cdA 5\u00ba<\/span><span class=\"OYPEnA text-decoration-none text-strikethrough-none\">.<\/span><span class=\"OYPEnA text-decoration-none text-strikethrough-none\">Roma; Museos vaticanos y Roma antigua<\/span><\/strong><\/p>\n<p class=\"cvGsUA direction-ltr align-start para-style-body\"><span class=\"OYPEnA text-decoration-none text-strikethrough-none\">Visita a los Museos Vaticanos (entrada opcional), y visita panor\u00e1mica a pie de la Roma antigua, paseando por el Coliseo y los Foros Imperiales.<\/span><\/p>\n<p class=\"cvGsUA direction-ltr align-start para-style-body\"><span class=\"OYPEnA text-decoration-none text-strikethrough-none\">Cena en el Trastevere, paseo nocturno y regreso al alojamiento.<\/span><\/p>\n<p class=\"cvGsUA direction-ltr align-start para-style-body\"><strong><span class=\"OYPEnA text-decoration-none text-strikethrough-none\">D\u00cdA 6\u00ba<\/span><span class=\"OYPEnA text-decoration-none text-strikethrough-none\">.<\/span><span class=\"OYPEnA text-decoration-none text-strikethrough-none\">Roma \u2013 Lugar de origen<\/span><\/strong><\/p>\n<p class=\"cvGsUA direction-ltr align-start para-style-body\"><span class=\"OYPEnA text-decoration-none text-strikethrough-none\">Salida hacia el Aeropuerto. De camino, dependiendo de los horarios del avi\u00f3n, nos detendremos para visitar San Pablo Extramuros. Vuelo de regreso.<\/span><\/p>\n","protected":false},"excerpt":{"rendered":"<p>A final de este a\u00f1o 2024, el Santo Padre abrir\u00e1 la Puerta Santa de San Pedro y dar\u00e1 por inaugurado un nuevo A\u00f1o Santo que abarcar\u00e1 el pr\u00f3ximo 2025. Al mismo tiempo, se abrir\u00e1n las Puertas Santas de las otras tres bas\u00edlicas mayores; San Juan de Letr\u00e1n, Santa Mar\u00eda la Mayor y San Pablo Extramuros. [&#8230;]\n","protected":false},"featured_media":581,"template":"","meta":[],"product_brand":[],"product_cat":[],"product_tag":[],"class_list":{"0":"post-574","1":"product","2":"type-product","3":"status-publish","4":"has-post-thumbnail","7":"first","8":"instock","9":"shipping-taxable","10":"product-type-simple"},"_links":{"self":[{"href":"https:\/\/pilgrimgroupstravel.com\/es\/wp-json\/wp\/v2\/product\/574","targetHints":{"allow":["GET"]}}],"collection":[{"href":"https:\/\/pilgrimgroupstravel.com\/es\/wp-json\/wp\/v2\/product"}],"about":[{"href":"https:\/\/pilgrimgroupstravel.com\/es\/wp-json\/wp\/v2\/types\/product"}],"wp:featuredmedia":[{"embeddable":true,"href":"https:\/\/pilgrimgroupstravel.com\/es\/wp-json\/wp\/v2\/media\/581"}],"wp:attachment":[{"href":"https:\/\/pilgrimgroupstravel.com\/es\/wp-json\/wp\/v2\/media?parent=574"}],"wp:term":[{"taxonomy":"product_brand","embeddable":true,"href":"https:\/\/pilgrimgroupstravel.com\/es\/wp-json\/wp\/v2\/product_brand?post=574"},{"taxonomy":"product_cat","embeddable":true,"href":"https:\/\/pilgrimgroupstravel.com\/es\/wp-json\/wp\/v2\/product_cat?post=574"},{"taxonomy":"product_tag","embeddable":true,"href":"https:\/\/pilgrimgroupstravel.com\/es\/wp-json\/wp\/v2\/product_tag?post=574"}],"curies":[{"name":"wp","href":"https:\/\/api.w.org\/{rel}","templated":true}]}}

<p class="cvGsUA direction-ltr align-start para-style-body"><span class="OYPEnA text-decoration-none text-strikethrough-none">A final de este año 2024, el Santo Padre abrirá la Puerta Santa de San Pedro y dará por inaugurado un nuevo Año Santo que abarcará el próximo 2025.</span></p>
<p class="cvGsUA direction-ltr align-start para-style-body"><span class="OYPEnA text-decoration-none text-strikethrough-none">Al mismo tiempo, se abrirán las Puertas Santas de las otras tres basílicas mayores;</span><span class="OYPEnA text-decoration-none text-strikethrough-none"> San Juan de Letrán, Santa María la Mayor y San Pablo Extramuros</span><span class="OYPEnA text-decoration-none text-strikethrough-none">. Es un año de perdón y de Júbilo que se celebra de forma ordinaria cada 25 años.</span></p>
<p class="cvGsUA direction-ltr align-start para-style-body"><span class="OYPEnA text-decoration-none text-strikethrough-none">Es una buena </span><span class="OYPEnA text-decoration-none text-strikethrough-none">ocasión para peregrinar a Roma</span><span class="OYPEnA text-decoration-none text-strikethrough-none"> y participar en alguno de los Jubileos especiales que se detallan en las páginas siguientes, dos o tres días normalmente, cada uno de ellos, en los que se invita a participar a todo el Pueblo de Dios según sus diferentes carismas o situaciones. </span><span class="OYPEnA text-decoration-none text-strikethrough-none">Cuando peregrinamos</span><span class="OYPEnA text-decoration-none text-strikethrough-none"> no cambiamos solo de lugar, sino que </span><span class="OYPEnA text-decoration-none text-strikethrough-none">nos transformamos a nosotros mismos.</span></p>
<p class="cvGsUA direction-ltr align-start para-style-body"><span class="OYPEnA text-decoration-none text-strikethrough-none">Partes del Jubileo son la Reconciliación con Dios y con los demás, cruzar la Puerta Santa, la Oración, la Liturgia, la Profesión de fe Te ofrecemos la oportunidad de acudir a Roma y con ese motivo te brindamos la ocasión de completar tu peregrinación con algunas visitas religiosas o culturales en</span> <span class="OYPEnA text-decoration-none text-strikethrough-none">Roma, Asís, Toscana u otras partes de Italia.</span></p>
<p><strong><span class="OYPEnA text-decoration-none text-strikethrough-none">-Programa Base:</span></strong></p>
<p class="cvGsUA direction-ltr align-start para-style-body"><strong><span class="OYPEnA text-decoration-none text-strikethrough-none">DÍA 1º.</span><span class="OYPEnA text-decoration-none text-strikethrough-none">Lugar de origen – Roma</span></strong></p>
<p class="cvGsUA direction-ltr align-start para-style-body"><strong><span class="OYPEnA text-decoration-none text-strikethrough-none">DÍA 2º Y DÍA 3º </span><span class="OYPEnA text-decoration-none text-strikethrough-none">Actos propios del Jubileo </span></strong></p>
<p class="cvGsUA direction-ltr align-start para-style-body"><strong><span class="OYPEnA text-decoration-none text-strikethrough-none">DÍA 4º.</span><span class="OYPEnA text-decoration-none text-strikethrough-none">Roma; Catacumbas de San Calixto y Roma barroca</span></strong></p>
<p class="cvGsUA direction-ltr align-start para-style-body"><span class="OYPEnA text-decoration-none text-strikethrough-none">V</span><span class="OYPEnA text-decoration-none text-strikethrough-none">isita guiada a las Catacumbas de San Calixto. </span><span class="OYPEnA text-decoration-none text-strikethrough-none">A continuación nos trasladaremos al centro de la ciudad para pasear </span><span class="OYPEnA text-decoration-none text-strikethrough-none">por las principales plazas de la ciudad, la Plaza de España. </span><span class="OYPEnA text-decoration-none text-strikethrough-none">Proseguiremos por Via Condotti hasta llegar a la Piazza della Colonna y de ahí a la Fontana di Trevi y plaza Navona.</span></p>
<p class="cvGsUA direction-ltr align-start para-style-body"><strong><span class="OYPEnA text-decoration-none text-strikethrough-none">DÍA 5º</span><span class="OYPEnA text-decoration-none text-strikethrough-none">.</span><span class="OYPEnA text-decoration-none text-strikethrough-none">Roma; Museos vaticanos y Roma antigua</span></strong></p>
<p class="cvGsUA direction-ltr align-start para-style-body"><span class="OYPEnA text-decoration-none text-strikethrough-none">Visita a los Museos Vaticanos (entrada opcional), y visita panorámica a pie de la Roma antigua, paseando por el Coliseo y los Foros Imperiales.</span></p>
<p class="cvGsUA direction-ltr align-start para-style-body"><span class="OYPEnA text-decoration-none text-strikethrough-none">Cena en el Trastevere, paseo nocturno y regreso al alojamiento.</span></p>
<p class="cvGsUA direction-ltr align-start para-style-body"><strong><span class="OYPEnA text-decoration-none text-strikethrough-none">DÍA 6º</span><span class="OYPEnA text-decoration-none text-strikethrough-none">.</span><span class="OYPEnA text-decoration-none text-strikethrough-none">Roma – Lugar de origen</span></strong></p>
<p class="cvGsUA direction-ltr align-start para-style-body"><span class="OYPEnA text-decoration-none text-strikethrough-none">Salida hacia el Aeropuerto. De camino, dependiendo de los horarios del avión, nos detendremos para visitar San Pablo Extramuros. Vuelo de regreso.</span></p>

<p>A final de este año 2024, el Santo Padre abrirá la Puerta Santa de San Pedro y dará por inaugurado un nuevo Año Santo que abarcará el próximo 2025. Al mismo tiempo, se abrirán las Puertas Santas de las otras tres basílicas mayores; San Juan de Letrán, Santa María la Mayor y San Pablo Extramuros. [&#8230;]
