{"id":583,"date":"2024-02-15T15:25:25","date_gmt":"2024-02-15T15:25:25","guid":{"rendered":"https:\/\/pilgrimgroupstravel.com\/?post_type=product&#038;p=583"},"modified":"2024-02-15T17:43:17","modified_gmt":"2024-02-15T17:43:17","slug":"los-santos-papas-del-norte-de-italia","status":"publish","type":"product","link":"https:\/\/pilgrimgroupstravel.com\/es\/producto\/los-santos-papas-del-norte-de-italia\/","title":{"rendered":"Los Santos Papas del Norte de Italia"},"content":{"rendered":"<p><b>DIA 1\u00ba.-\u00a0<span class=\"Apple-converted-space\">\u00a0\u00a0<\/span>\u00a0Aeropuerto de origen \u2013 Mil\u00e1n \u2013 B\u00e9rgamo<\/b><\/p>\n<p>Presentaci\u00f3n en el aeropuerto de origen para coger nuestro vuelo con destino Mil\u00e1n. A la llegada traslado a Mil\u00e1n. Por la tarde tendremos una visita de la ciudad con gu\u00eda local.<span class=\"Apple-converted-space\">\u00a0\u00a0<\/span>A la hora que se determine traslado a B\u00e9rgamo, a nuestro hotel, para la cena y el alojamiento.<span class=\"Apple-converted-space\">\u00a0<strong>Almuerzo y cena. Noche en B\u00e9rgamo<\/strong>.<\/span><\/p>\n<p><b>D\u00cdA 2\u00ba.-<span class=\"Apple-converted-space\">\u00a0\u00a0<\/span>B\u00e9rgamo \u2013 Consesio \u2013 Brescia \u2013 B\u00e9rgamo<\/b><\/p>\n<p>Tras el desayuno salida hacia Consesio, lugar de nacimiento del Beato Pablo VI en 1897. Breve visita de la ciudad y Eucarist\u00eda. Continuaci\u00f3n hacia Brescia, ciudad vinculada al recientemente beatificado Papa Pablo VI, aqu\u00ed entr\u00f3 en el seminario en 1916 y fue ordenado sacerdote en 1920. Almuerzo en restaurante. Con la ayuda de un gu\u00eda local recorreremos esta preciosa ciudad lombarda. En la plaza Pablo VI podremos contemplar las dos catedrales de la ciudad, la Vieja y la Nueva. En esta \u00faltima destaca el arca de Santa Apolonia y Filastria y podremos admirar su c\u00fapula, la tercera mayor de Italia tras la de San Pedro en Roma y Santa Maria dei Fiori en Florencia. A la hora convenir, regreso hasta B\u00e9rgamo, a tan s\u00f3lo 53 km de Brescia.\u00a0<span class=\"Apple-converted-space\"><strong>Pensi\u00f3n completa. Noche en B\u00e9rgamo<\/strong><\/span><\/p>\n<p><b>DIA 3\u00ba.-\u00a0<span class=\"Apple-converted-space\">\u00a0\u00a0<\/span>B\u00e9rgamo \u2013 Vicenza \u2013 Verona \u2013 B\u00e9rgamo<\/b><\/p>\n<p>Tras el desayuno salida hacia Vicenza. En la regi\u00f3n del Veneto, conocida como la Ciudad de Palladio por las numerosas obras que el famoso arquitecto Andrea Palladio ejecut\u00f3 en ella y declarada en 1994 Patrimonio de la Humanidad por la Unesco. 23 son los edificios dise\u00f1ados por este artista, como la Rotonda, en la afueras de Vicenza. Contemplaremos la Bas\u00edlica Palladiana o el Palacio de la Raggione, la Torre del Reloj o el Palacio Chiericati, la Piazza della Signoria y sus calles y plazas m\u00e1s importantes. Eucarist\u00eda. Almuerzo en restaurante. Por la tarde traslado a Verona para visitar otra de las muy bellas ciudades que nos ofrece Italia. Al llegar nos encontraremos con la Arena, anfiteatro romano bien conservado con el que la ciudad nos abre sus puertas, el mayor tras el Coliseo de Roma. Pasearemos por la plaza delle Erbe, donde podremos admirar la torre dei Lamberti, aut\u00e9ntico mirador para contemplar Verona y llegaremos, c\u00f3mo no, hasta la casa de Julieta, que junto Romeo forman la pareja que inmortaliz\u00f3 Shakspeare en su obra. Junto a estos edificios civiles se alza la catedral. A la hora que se determine regreso a B\u00e9rgamo para la cena y el alojamiento.\u00a0<span class=\"Apple-converted-space\"><strong>Pensi\u00f3n completa. Noche en B\u00e9rgamo<\/strong><\/span><\/p>\n<p><b>D\u00cdA 4\u00ba.-\u00a0<span class=\"Apple-converted-space\">\u00a0 B<\/span>\u00e9rgamo \u2013 Sotto il Monte \u2013 Tur\u00edn<span class=\"Apple-converted-space\">\u00a0<\/span><\/b><\/p>\n<p>Tras el desayuno un gu\u00eda local nos acompa\u00f1ar\u00e1 por B\u00e9rgamo. B\u00e9rgamo tiene dos partes bien diferenciadas, la ciudad alta y la baja, la baja es m\u00e1s moderna y en la alta, sobre la monta\u00f1a, encontramos la zona hist\u00f3rica, ambas est\u00e1n unidas por un funicular. Recorreremos la Piazza Vechia (plaza antigua) preciosa plaza medieval, detr\u00e1s de ella y pasando junto al Palacio del Podest\u00e1 llegaremos a la peque\u00f1a Piazza del Duomo. Admiraremos la catedral y la Bas\u00edlica de Santa Mar\u00eda la Mayor, que es el principal monumento de la ciudad, construida por los habitantes de B\u00e9rgamo en agradecimiento a la Virgen tras el final de la peste en 1135. Salida hacia Sotto il Monte, lugar de nacimiento de San Juan XXIII. Comida en restaurante. Breve visita de la ciudad y Misa. A la hora a convenir traslado a Tur\u00edn para la cena y el alojamiento.\u00a0<span class=\"Apple-converted-space\"><strong>Pensi\u00f3n completa. Noche en Tur\u00edn<\/strong><\/span><\/p>\n<p><b>DIA 5\u00ba.-\u00a0<span class=\"Apple-converted-space\">\u00a0 T<\/span>ur\u00edn<\/b><\/p>\n<p>Por la ma\u00f1ana, tras el desayuno, visita con gu\u00eda local de Tur\u00edn. Tur\u00edn es un importante centro econ\u00f3mico del norte de Italia, patria de Cavour, alberga muestras de arquitectura barroca, rococ\u00f3, neocl\u00e1sica y art nouveau. Podremos disfrutar del Parque del Valentino, la Bas\u00edlica di Superga, el Santuario de la Consolata, el Palacio Real, la Mole Antonelliana, la Piazza San Carlo, Santa Mar\u00eda del Monte (Monte dei Capuccini) el Duomo de Tur\u00edn y la capilla que custodia la s\u00e1bana santa. Comida en restaurante. A Tur\u00edn lleg\u00f3 reci\u00e9n ordenado San Juan Bosco y tendremos ocasi\u00f3n de visitar la Bas\u00edlica de Mar\u00eda Auxiliadora, que construy\u00f3 el santo turin\u00e9s en el lugar donde la Virgen se le apareci\u00f3. En su cripta se encuentran los restos mortales de San Juan Bosco, Santa Mar\u00eda Mazarello, fundadora de las Hijas de Mar\u00eda Auxiliadora y S. Domingo Savio, disc\u00edpulo de San Juan Bosco, que falleci\u00f3 a los 15 a\u00f1os. Las visitas se realizar\u00e1n a lo largo del d\u00eda. Cena. Alojamiento en nuestro hotel.\u00a0<span class=\"Apple-converted-space\"><strong>Pensi\u00f3n completa. Noche en Tur\u00edn<\/strong><\/span><\/p>\n<p><b>D\u00cdA 6\u00ba.-\u00a0<span class=\"Apple-converted-space\">\u00a0<\/span>Tur\u00edn<span class=\"Apple-converted-space\">\u00a0\u00a0<\/span>\u2013 Modena \u2013 Bolonia<\/b><\/p>\n<p>Desayunaremos en el hotel y saldremos a continuaci\u00f3n hacia M\u00f3dena, situada en la regi\u00f3n de la Emilia-Roma\u00f1a, visitaremos sus tesoros art\u00edsticos como el Duomo rom\u00e1nico, declarado Patrimonio Mundial de la Humanidad en 1997, y situado en la Piazza Grande; la Ghirlandina o Torre Grande; el Palacio Comunal y la Torre C\u00edvica y el Palacio Ducal, majestuoso edificio principesco del XVII . Eucarist\u00eda. Comida en restaurante. Despu\u00e9s de acabar las visitas seguiremos nuestro camino hacia Bolonia. Cena y alojamiento en un hotel de la ciudad.\u00a0<span class=\"Apple-converted-space\"><strong>Pensi\u00f3n completa. Noche en Bolonia<\/strong><\/span><\/p>\n<p><b>DIA 7\u00ba.- \u00a0 Bolonia<span class=\"Apple-converted-space\">\u00a0\u00a0<\/span>\u2013 R\u00e1vena<span class=\"Apple-converted-space\">\u00a0\u00a0<\/span>\u2013 Bolonia<span class=\"Apple-converted-space\">\u00a0<\/span><\/b><\/p>\n<p>Por la ma\u00f1ana, tras el desayuno nos desplazaremos a R\u00e1vena. R\u00e1vena alberga preciosos monumentos bizantinos y paleocristianos que recibieron la condici\u00f3n de Patrimonio de la Humanidad por parte de la Unesco. Su culmen hist\u00f3rico se sit\u00faa en el siglo VI cuando el emperador bizantino Justiniano, en su proyecto de recuperar para el nuevo imperio romano los territorios perdidos de occidente, ocup\u00f3 R\u00e1vena y la convirti\u00f3 en la capital bizantina de Italia. Podremos admirar la iglesia de San Vital, erigida por Justiniano, y la de San Apolinar, por Teodorico, originalmente arriana. Tambi\u00e9n se puede ver el mausoleo de Gala Placidia o la Tumba de Dante Aleghieri. Otras lugares interesante son la Catedral, el Baptisterio neoniano y el Baptisterio Arriano, la plaza del Popolo, la iglesia de San Francisco, el Mausoleo de Teodorico y San Apolinar in Classe en las cercan\u00edas.<span class=\"Apple-converted-space\">\u00a0\u00a0<\/span>Misa en R\u00e1vena. y comida en restaurante. Despu\u00e9s de la comida se puede realizar alguna de las visitas descritas antes. Regreso a Bolonia para la cena y el alojamiento.\u00a0<span class=\"Apple-converted-space\"><strong>Pensi\u00f3n completa. Noche en Bolonia<\/strong><\/span><\/p>\n<p><b>DIA 8\u00ba.-<span class=\"Apple-converted-space\">\u00a0 B<\/span>olonia \u2013 Aeropuerto de origen<\/b><\/p>\n<p>Desayuno en el hotel. A continuaci\u00f3n realizaremos la visita guiada de la ciudad de Bolonia: tendremos ocasi\u00f3n de pasear por la Plaza Mayor y contemplar los edificios que la circundan, entre los que destaca el Palacio del Podest\u00e1, sede actual del Ayuntamiento, o el Palacio de los Bancos entre otros. No podemos olvidar que Bolonia acoge la Universidad m\u00e1s antigua de Europa, fundada en el a\u00f1o 1088, por donde pasaron personajes de la talla de Dante, Petrarca, Nicol\u00e1s Cop\u00e9rnico o Erasmo. Bolonia tiene el segundo casco hist\u00f3rico m\u00e1s grande de Europa, despu\u00e9s de Venecia, podremos admirar sus edificios m\u00e1s emblem\u00e1ticos como las dos torres, la de los Asinelli y la Garisenda, que son su sello distintivo, la gran iglesia de San Petronio y el bello templo g\u00f3tico de San Francesco. Misa. Comida en restaurante. A la hora que se determine nos trasladaremos al aeropuerto para los tr\u00e1mites de facturaci\u00f3n y embarque en nuestro vuelo con destino al aeropuerto de origen. Llegada. Fin del viaje y de nuestros servicios.<\/p>\n","protected":false},"excerpt":{"rendered":"<p>DIA 1\u00ba.-\u00a0\u00a0\u00a0\u00a0Aeropuerto de origen \u2013 Mil\u00e1n \u2013 B\u00e9rgamo Presentaci\u00f3n en el aeropuerto de origen para coger nuestro vuelo con destino Mil\u00e1n. A la llegada traslado a Mil\u00e1n. Por la tarde tendremos una visita de la ciudad con gu\u00eda local.\u00a0\u00a0A la hora que se determine traslado a B\u00e9rgamo, a nuestro hotel, para la cena y el [&#8230;]\n","protected":false},"featured_media":0,"template":"","meta":[],"product_brand":[],"product_cat":[49],"product_tag":[],"class_list":{"0":"post-583","1":"product","2":"type-product","3":"status-publish","5":"product_cat-italy","7":"first","8":"instock","9":"shipping-taxable","10":"product-type-simple"},"_links":{"self":[{"href":"https:\/\/pilgrimgroupstravel.com\/es\/wp-json\/wp\/v2\/product\/583","targetHints":{"allow":["GET"]}}],"collection":[{"href":"https:\/\/pilgrimgroupstravel.com\/es\/wp-json\/wp\/v2\/product"}],"about":[{"href":"https:\/\/pilgrimgroupstravel.com\/es\/wp-json\/wp\/v2\/types\/product"}],"wp:attachment":[{"href":"https:\/\/pilgrimgroupstravel.com\/es\/wp-json\/wp\/v2\/media?parent=583"}],"wp:term":[{"taxonomy":"product_brand","embeddable":true,"href":"https:\/\/pilgrimgroupstravel.com\/es\/wp-json\/wp\/v2\/product_brand?post=583"},{"taxonomy":"product_cat","embeddable":true,"href":"https:\/\/pilgrimgroupstravel.com\/es\/wp-json\/wp\/v2\/product_cat?post=583"},{"taxonomy":"product_tag","embeddable":true,"href":"https:\/\/pilgrimgroupstravel.com\/es\/wp-json\/wp\/v2\/product_tag?post=583"}],"curies":[{"name":"wp","href":"https:\/\/api.w.org\/{rel}","templated":true}]}}

<p><b>DIA 1º.- <span class="Apple-converted-space">  </span> Aeropuerto de origen – Milán – Bérgamo</b></p>
<p>Presentación en el aeropuerto de origen para coger nuestro vuelo con destino Milán. A la llegada traslado a Milán. Por la tarde tendremos una visita de la ciudad con guía local.<span class="Apple-converted-space">  </span>A la hora que se determine traslado a Bérgamo, a nuestro hotel, para la cena y el alojamiento.<span class="Apple-converted-space"> <strong>Almuerzo y cena. Noche en Bérgamo</strong>.</span></p>
<p><b>DÍA 2º.-<span class="Apple-converted-space">  </span>Bérgamo – Consesio – Brescia – Bérgamo</b></p>
<p>Tras el desayuno salida hacia Consesio, lugar de nacimiento del Beato Pablo VI en 1897. Breve visita de la ciudad y Eucaristía. Continuación hacia Brescia, ciudad vinculada al recientemente beatificado Papa Pablo VI, aquí entró en el seminario en 1916 y fue ordenado sacerdote en 1920. Almuerzo en restaurante. Con la ayuda de un guía local recorreremos esta preciosa ciudad lombarda. En la plaza Pablo VI podremos contemplar las dos catedrales de la ciudad, la Vieja y la Nueva. En esta última destaca el arca de Santa Apolonia y Filastria y podremos admirar su cúpula, la tercera mayor de Italia tras la de San Pedro en Roma y Santa Maria dei Fiori en Florencia. A la hora convenir, regreso hasta Bérgamo, a tan sólo 53 km de Brescia. <span class="Apple-converted-space"><strong>Pensión completa. Noche en Bérgamo</strong></span></p>
<p><b>DIA 3º.- <span class="Apple-converted-space">  </span>Bérgamo – Vicenza – Verona – Bérgamo</b></p>
<p>Tras el desayuno salida hacia Vicenza. En la región del Veneto, conocida como la Ciudad de Palladio por las numerosas obras que el famoso arquitecto Andrea Palladio ejecutó en ella y declarada en 1994 Patrimonio de la Humanidad por la Unesco. 23 son los edificios diseñados por este artista, como la Rotonda, en la afueras de Vicenza. Contemplaremos la Basílica Palladiana o el Palacio de la Raggione, la Torre del Reloj o el Palacio Chiericati, la Piazza della Signoria y sus calles y plazas más importantes. Eucaristía. Almuerzo en restaurante. Por la tarde traslado a Verona para visitar otra de las muy bellas ciudades que nos ofrece Italia. Al llegar nos encontraremos con la Arena, anfiteatro romano bien conservado con el que la ciudad nos abre sus puertas, el mayor tras el Coliseo de Roma. Pasearemos por la plaza delle Erbe, donde podremos admirar la torre dei Lamberti, auténtico mirador para contemplar Verona y llegaremos, cómo no, hasta la casa de Julieta, que junto Romeo forman la pareja que inmortalizó Shakspeare en su obra. Junto a estos edificios civiles se alza la catedral. A la hora que se determine regreso a Bérgamo para la cena y el alojamiento. <span class="Apple-converted-space"><strong>Pensión completa. Noche en Bérgamo</strong></span></p>
<p><b>DÍA 4º.- <span class="Apple-converted-space">  B</span>érgamo – Sotto il Monte – Turín<span class="Apple-converted-space"> </span></b></p>
<p>Tras el desayuno un guía local nos acompañará por Bérgamo. Bérgamo tiene dos partes bien diferenciadas, la ciudad alta y la baja, la baja es más moderna y en la alta, sobre la montaña, encontramos la zona histórica, ambas están unidas por un funicular. Recorreremos la Piazza Vechia (plaza antigua) preciosa plaza medieval, detrás de ella y pasando junto al Palacio del Podestá llegaremos a la pequeña Piazza del Duomo. Admiraremos la catedral y la Basílica de Santa María la Mayor, que es el principal monumento de la ciudad, construida por los habitantes de Bérgamo en agradecimiento a la Virgen tras el final de la peste en 1135. Salida hacia Sotto il Monte, lugar de nacimiento de San Juan XXIII. Comida en restaurante. Breve visita de la ciudad y Misa. A la hora a convenir traslado a Turín para la cena y el alojamiento. <span class="Apple-converted-space"><strong>Pensión completa. Noche en Turín</strong></span></p>
<p><b>DIA 5º.- <span class="Apple-converted-space">  T</span>urín</b></p>
<p>Por la mañana, tras el desayuno, visita con guía local de Turín. Turín es un importante centro económico del norte de Italia, patria de Cavour, alberga muestras de arquitectura barroca, rococó, neoclásica y art nouveau. Podremos disfrutar del Parque del Valentino, la Basílica di Superga, el Santuario de la Consolata, el Palacio Real, la Mole Antonelliana, la Piazza San Carlo, Santa María del Monte (Monte dei Capuccini) el Duomo de Turín y la capilla que custodia la sábana santa. Comida en restaurante. A Turín llegó recién ordenado San Juan Bosco y tendremos ocasión de visitar la Basílica de María Auxiliadora, que construyó el santo turinés en el lugar donde la Virgen se le apareció. En su cripta se encuentran los restos mortales de San Juan Bosco, Santa María Mazarello, fundadora de las Hijas de María Auxiliadora y S. Domingo Savio, discípulo de San Juan Bosco, que falleció a los 15 años. Las visitas se realizarán a lo largo del día. Cena. Alojamiento en nuestro hotel. <span class="Apple-converted-space"><strong>Pensión completa. Noche en Turín</strong></span></p>
<p><b>DÍA 6º.- <span class="Apple-converted-space"> </span>Turín<span class="Apple-converted-space">  </span>– Modena – Bolonia</b></p>
<p>Desayunaremos en el hotel y saldremos a continuación hacia Módena, situada en la región de la Emilia-Romaña, visitaremos sus tesoros artísticos como el Duomo románico, declarado Patrimonio Mundial de la Humanidad en 1997, y situado en la Piazza Grande; la Ghirlandina o Torre Grande; el Palacio Comunal y la Torre Cívica y el Palacio Ducal, majestuoso edificio principesco del XVII . Eucaristía. Comida en restaurante. Después de acabar las visitas seguiremos nuestro camino hacia Bolonia. Cena y alojamiento en un hotel de la ciudad. <span class="Apple-converted-space"><strong>Pensión completa. Noche en Bolonia</strong></span></p>
<p><b>DIA 7º.-   Bolonia<span class="Apple-converted-space">  </span>– Rávena<span class="Apple-converted-space">  </span>– Bolonia<span class="Apple-converted-space"> </span></b></p>
<p>Por la mañana, tras el desayuno nos desplazaremos a Rávena. Rávena alberga preciosos monumentos bizantinos y paleocristianos que recibieron la condición de Patrimonio de la Humanidad por parte de la Unesco. Su culmen histórico se sitúa en el siglo VI cuando el emperador bizantino Justiniano, en su proyecto de recuperar para el nuevo imperio romano los territorios perdidos de occidente, ocupó Rávena y la convirtió en la capital bizantina de Italia. Podremos admirar la iglesia de San Vital, erigida por Justiniano, y la de San Apolinar, por Teodorico, originalmente arriana. También se puede ver el mausoleo de Gala Placidia o la Tumba de Dante Aleghieri. Otras lugares interesante son la Catedral, el Baptisterio neoniano y el Baptisterio Arriano, la plaza del Popolo, la iglesia de San Francisco, el Mausoleo de Teodorico y San Apolinar in Classe en las cercanías.<span class="Apple-converted-space">  </span>Misa en Rávena. y comida en restaurante. Después de la comida se puede realizar alguna de las visitas descritas antes. Regreso a Bolonia para la cena y el alojamiento. <span class="Apple-converted-space"><strong>Pensión completa. Noche en Bolonia</strong></span></p>
<p><b>DIA 8º.-<span class="Apple-converted-space">  B</span>olonia – Aeropuerto de origen</b></p>
<p>Desayuno en el hotel. A continuación realizaremos la visita guiada de la ciudad de Bolonia: tendremos ocasión de pasear por la Plaza Mayor y contemplar los edificios que la circundan, entre los que destaca el Palacio del Podestá, sede actual del Ayuntamiento, o el Palacio de los Bancos entre otros. No podemos olvidar que Bolonia acoge la Universidad más antigua de Europa, fundada en el año 1088, por donde pasaron personajes de la talla de Dante, Petrarca, Nicolás Copérnico o Erasmo. Bolonia tiene el segundo casco histórico más grande de Europa, después de Venecia, podremos admirar sus edificios más emblemáticos como las dos torres, la de los Asinelli y la Garisenda, que son su sello distintivo, la gran iglesia de San Petronio y el bello templo gótico de San Francesco. Misa. Comida en restaurante. A la hora que se determine nos trasladaremos al aeropuerto para los trámites de facturación y embarque en nuestro vuelo con destino al aeropuerto de origen. Llegada. Fin del viaje y de nuestros servicios.</p>

<p>DIA 1º.-    Aeropuerto de origen – Milán – Bérgamo Presentación en el aeropuerto de origen para coger nuestro vuelo con destino Milán. A la llegada traslado a Milán. Por la tarde tendremos una visita de la ciudad con guía local.  A la hora que se determine traslado a Bérgamo, a nuestro hotel, para la cena y el [&#8230;]
