{"id":587,"date":"2024-02-15T15:38:25","date_gmt":"2024-02-15T15:38:25","guid":{"rendered":"https:\/\/pilgrimgroupstravel.com\/?post_type=product&#038;p=587"},"modified":"2024-02-15T17:56:18","modified_gmt":"2024-02-15T17:56:18","slug":"san-vicente-ferrer","status":"publish","type":"product","link":"https:\/\/pilgrimgroupstravel.com\/es\/producto\/san-vicente-ferrer\/","title":{"rendered":"Ruta de San Vicente Ferrer"},"content":{"rendered":"<p><strong>Programa Base:<\/strong><\/p>\n<p><strong>D\u00eda 1 <span class=\"OYPEnA text-decoration-none text-strikethrough-none\">Aeropuerto de origen \u2013 Aeropuerto de Nantes \u2013 Vannes<\/span><\/strong><\/p>\n<p><span class=\"OYPEnA text-decoration-none text-strikethrough-none\">Presentaci\u00f3n en el aeropuerto de origen para coger nuestro vuelo con destino Nantes. A la llegada nos trasladaremos a Vannes. Cena. Noche en Vannes.<\/span><\/p>\n<p><strong><span class=\"OYPEnA text-decoration-none text-strikethrough-none\">D\u00eda 2 Vannes<\/span><\/strong><\/p>\n<p><span class=\"OYPEnA text-decoration-none text-strikethrough-none\">Por la ma\u00f1ana tendremos la celebraci\u00f3n de la Eucarist\u00eda en la Catedral de Vannes.Tendremos tambi\u00e9n ocasi\u00f3n de visitar en la plaza de Valencia la habitaci\u00f3n donde falleci\u00f3 hace 600 a\u00f1os San Vicente Ferrer, cuyos restos reposan en la catedral de la ciudad. Dispondremos durante el d\u00eda de tiempo libre para disfrutar de esta localidad, caracterizada por sus casas con entramado de madera. Por la tarde realizaremos la visita en el golfo de Morbihan (cuyo significado es \u201cmar peque\u00f1a\u201d) de una de sus 42 islas, la isla de los monjes, que debe su nombre a los monjes de la abad\u00eda de Redon a quienes el rey de Breta\u00f1a les regal\u00f3 la isla en el siglo IX. Ser\u00e1 un bello paseo en barca. A la hora que se determine regresaremos al hotel. Pensi\u00f3n completa Noche en Vannes<\/span><\/p>\n<p><strong><span class=\"OYPEnA text-decoration-none text-strikethrough-none\">D\u00eda 3 Vannes &#8211; Monte Sant Michel \u2013 Vannes<\/span><\/strong><\/p>\n<p><span class=\"OYPEnA text-decoration-none text-strikethrough-none\">Por la ma\u00f1ana salida de excursi\u00f3n para el lugar Sagrado de Mont Sant Michel, famoso complejo mon\u00e1stico, meta hist\u00f3rica de peregrinaciones erigido sobre un islote sagrado. Almuerzo. Regreso a Vannes donde dispondremos de tiempo libre en la ciudad. Pensi\u00f3n completa Noche en Vannes.<\/span><\/p>\n<p><strong><span class=\"OYPEnA text-decoration-none text-strikethrough-none\">D\u00eda 4 Vannes \u2013 Aeropuerto de Nantes \u2013 Valencia o Aeropuero de Origen<\/span><\/strong><\/p>\n<p class=\"cvGsUA direction-ltr align-start para-style-body\"><span class=\"OYPEnA text-decoration-none text-strikethrough-none\">ras el desayuno, a la hora que se detemine, nos trasladaremos al aeropuerto de Nantes para coger nuestro vuelo . Llegada. Fin del viaje y de nuestros servicios.<\/span><\/p>\n<p class=\"cvGsUA direction-ltr align-start para-style-body\"><span class=\"OYPEnA text-decoration-none text-strikethrough-none\">En caso de ampliaci\u00f3n llegada a Valencia, cena en el Hotel y Tiempo libre.<\/span><\/p>\n<hr \/>\n<p><strong><span class=\"OYPEnA text-decoration-none text-strikethrough-none\">Ampliaci\u00f3n de 3 d\u00edas a Valencia:<\/span><\/strong><\/p>\n<p><strong><span class=\"OYPEnA text-decoration-none text-strikethrough-none\">D\u00eda 5 Vannes-Aeropuerto-Valencia<\/span><\/strong><\/p>\n<p><span class=\"OYPEnA text-decoration-none text-strikethrough-none\">Tras el desayuno, nos trasladaremos al aeropuerto de Vannes para tomar nuestro vuelo a Valencia. A la hora prevista, llegada al aeropuerto de Valencia, Traslado a la ciudad almuerzo en restaurante local donde podremos degustar la, mundialmente conocida, paella valenciana. continuaci\u00f3n para visitar otro de los elementos mas reconocibles de la ciudad de Valencia: Paseo por la ciudad de las artes y las ciencias, A la hora que se convenga traslado a nuestro hotel. Cena y alojamiento. Noche en Valencia<\/span><\/p>\n<p><strong><span class=\"OYPEnA text-decoration-none text-strikethrough-none\">D\u00eda 6 Valencia<\/span><\/strong><\/p>\n<p><span class=\"OYPEnA text-decoration-none text-strikethrough-none\">Desayuno y Comienzo de nuestras visitas para acercarnos a la vida de San Vicente en Valencia. Comenzaremos visitando su casa natalicia conocida como el \u201cPouet\u201ddonde se conserva un gran cuadro de un pintor valenciano disc\u00edpulo de Goya, seguiremos a la Iglesia de S.Esteban donde encontraremos la pila bautismal donde fue bautizado, Nos trasladaremos a la Catedral de Valencia pasando por la basilica de la Virgen de los Desamparados para conocer la capilla de S.Vicente Ferrer, el p\u00falpito desde el que celebraba y la capilla del santo c\u00e1liz. Seguiremos hacia el convento de los predicadores donde encontraremos su celda hoy preparada como capilla ante la gran concurrencia de devotos. Despu\u00e9s iremos a la basilica de San Vicente titulo honor\u00edfico otorgado por el Papa PIO XII por la significaci\u00f3n del santo. Traslado al que se conoce como una de las obras del santo, su colegio de hu\u00e9rfanos, que constituye el orfanato mas antiguo del mundo (1410) y que hoy en d\u00eda sigue operando, donde tendremos un encuentro para que nos expliquen su misi\u00f3n. traslado a nuestro hotel. Cena y alojamiento. Noche en Valencia<\/span><\/p>\n<p><strong><span class=\"OYPEnA text-decoration-none text-strikethrough-none\">D\u00eda 7 Valencia\u2013 Aeropuerto- punto de origen<\/span><\/strong><\/p>\n<p><span class=\"OYPEnA text-decoration-none text-strikethrough-none\">Trasladaremos al aeropuerto para coger nuestro vuelo. Llegada. Fin del viaje y de nuestros servicios.<\/span><\/p>\n","protected":false},"excerpt":{"rendered":"<p>Programa Base: D\u00eda 1 Aeropuerto de origen \u2013 Aeropuerto de Nantes \u2013 Vannes Presentaci\u00f3n en el aeropuerto de origen para coger nuestro vuelo con destino Nantes. A la llegada nos trasladaremos a Vannes. Cena. Noche en Vannes. D\u00eda 2 Vannes Por la ma\u00f1ana tendremos la celebraci\u00f3n de la Eucarist\u00eda en la Catedral de Vannes.Tendremos tambi\u00e9n [&#8230;]\n","protected":false},"featured_media":0,"template":"","meta":[],"product_brand":[],"product_cat":[51],"product_tag":[],"class_list":{"0":"post-587","1":"product","2":"type-product","3":"status-publish","5":"product_cat-francia","7":"first","8":"instock","9":"shipping-taxable","10":"product-type-simple"},"_links":{"self":[{"href":"https:\/\/pilgrimgroupstravel.com\/es\/wp-json\/wp\/v2\/product\/587","targetHints":{"allow":["GET"]}}],"collection":[{"href":"https:\/\/pilgrimgroupstravel.com\/es\/wp-json\/wp\/v2\/product"}],"about":[{"href":"https:\/\/pilgrimgroupstravel.com\/es\/wp-json\/wp\/v2\/types\/product"}],"wp:attachment":[{"href":"https:\/\/pilgrimgroupstravel.com\/es\/wp-json\/wp\/v2\/media?parent=587"}],"wp:term":[{"taxonomy":"product_brand","embeddable":true,"href":"https:\/\/pilgrimgroupstravel.com\/es\/wp-json\/wp\/v2\/product_brand?post=587"},{"taxonomy":"product_cat","embeddable":true,"href":"https:\/\/pilgrimgroupstravel.com\/es\/wp-json\/wp\/v2\/product_cat?post=587"},{"taxonomy":"product_tag","embeddable":true,"href":"https:\/\/pilgrimgroupstravel.com\/es\/wp-json\/wp\/v2\/product_tag?post=587"}],"curies":[{"name":"wp","href":"https:\/\/api.w.org\/{rel}","templated":true}]}}

<p><strong>Programa Base:</strong></p>
<p><strong>Día 1 <span class="OYPEnA text-decoration-none text-strikethrough-none">Aeropuerto de origen – Aeropuerto de Nantes – Vannes</span></strong></p>
<p><span class="OYPEnA text-decoration-none text-strikethrough-none">Presentación en el aeropuerto de origen para coger nuestro vuelo con destino Nantes. A la llegada nos trasladaremos a Vannes. Cena. Noche en Vannes.</span></p>
<p><strong><span class="OYPEnA text-decoration-none text-strikethrough-none">Día 2 Vannes</span></strong></p>
<p><span class="OYPEnA text-decoration-none text-strikethrough-none">Por la mañana tendremos la celebración de la Eucaristía en la Catedral de Vannes.Tendremos también ocasión de visitar en la plaza de Valencia la habitación donde falleció hace 600 años San Vicente Ferrer, cuyos restos reposan en la catedral de la ciudad. Dispondremos durante el día de tiempo libre para disfrutar de esta localidad, caracterizada por sus casas con entramado de madera. Por la tarde realizaremos la visita en el golfo de Morbihan (cuyo significado es “mar pequeña”) de una de sus 42 islas, la isla de los monjes, que debe su nombre a los monjes de la abadía de Redon a quienes el rey de Bretaña les regaló la isla en el siglo IX. Será un bello paseo en barca. A la hora que se determine regresaremos al hotel. Pensión completa Noche en Vannes</span></p>
<p><strong><span class="OYPEnA text-decoration-none text-strikethrough-none">Día 3 Vannes &#8211; Monte Sant Michel – Vannes</span></strong></p>
<p><span class="OYPEnA text-decoration-none text-strikethrough-none">Por la mañana salida de excursión para el lugar Sagrado de Mont Sant Michel, famoso complejo monástico, meta histórica de peregrinaciones erigido sobre un islote sagrado. Almuerzo. Regreso a Vannes donde dispondremos de tiempo libre en la ciudad. Pensión completa Noche en Vannes.</span></p>
<p><strong><span class="OYPEnA text-decoration-none text-strikethrough-none">Día 4 Vannes – Aeropuerto de Nantes – Valencia o Aeropuero de Origen</span></strong></p>
<p class="cvGsUA direction-ltr align-start para-style-body"><span class="OYPEnA text-decoration-none text-strikethrough-none">ras el desayuno, a la hora que se detemine, nos trasladaremos al aeropuerto de Nantes para coger nuestro vuelo . Llegada. Fin del viaje y de nuestros servicios.</span></p>
<p class="cvGsUA direction-ltr align-start para-style-body"><span class="OYPEnA text-decoration-none text-strikethrough-none">En caso de ampliación llegada a Valencia, cena en el Hotel y Tiempo libre.</span></p>
<hr />
<p><strong><span class="OYPEnA text-decoration-none text-strikethrough-none">Ampliación de 3 días a Valencia:</span></strong></p>
<p><strong><span class="OYPEnA text-decoration-none text-strikethrough-none">Día 5 Vannes-Aeropuerto-Valencia</span></strong></p>
<p><span class="OYPEnA text-decoration-none text-strikethrough-none">Tras el desayuno, nos trasladaremos al aeropuerto de Vannes para tomar nuestro vuelo a Valencia. A la hora prevista, llegada al aeropuerto de Valencia, Traslado a la ciudad almuerzo en restaurante local donde podremos degustar la, mundialmente conocida, paella valenciana. continuación para visitar otro de los elementos mas reconocibles de la ciudad de Valencia: Paseo por la ciudad de las artes y las ciencias, A la hora que se convenga traslado a nuestro hotel. Cena y alojamiento. Noche en Valencia</span></p>
<p><strong><span class="OYPEnA text-decoration-none text-strikethrough-none">Día 6 Valencia</span></strong></p>
<p><span class="OYPEnA text-decoration-none text-strikethrough-none">Desayuno y Comienzo de nuestras visitas para acercarnos a la vida de San Vicente en Valencia. Comenzaremos visitando su casa natalicia conocida como el “Pouet”donde se conserva un gran cuadro de un pintor valenciano discípulo de Goya, seguiremos a la Iglesia de S.Esteban donde encontraremos la pila bautismal donde fue bautizado, Nos trasladaremos a la Catedral de Valencia pasando por la basilica de la Virgen de los Desamparados para conocer la capilla de S.Vicente Ferrer, el púlpito desde el que celebraba y la capilla del santo cáliz. Seguiremos hacia el convento de los predicadores donde encontraremos su celda hoy preparada como capilla ante la gran concurrencia de devotos. Después iremos a la basilica de San Vicente titulo honorífico otorgado por el Papa PIO XII por la significación del santo. Traslado al que se conoce como una de las obras del santo, su colegio de huérfanos, que constituye el orfanato mas antiguo del mundo (1410) y que hoy en día sigue operando, donde tendremos un encuentro para que nos expliquen su misión. traslado a nuestro hotel. Cena y alojamiento. Noche en Valencia</span></p>
<p><strong><span class="OYPEnA text-decoration-none text-strikethrough-none">Día 7 Valencia– Aeropuerto- punto de origen</span></strong></p>
<p><span class="OYPEnA text-decoration-none text-strikethrough-none">Trasladaremos al aeropuerto para coger nuestro vuelo. Llegada. Fin del viaje y de nuestros servicios.</span></p>

<p>Programa Base: Día 1 Aeropuerto de origen – Aeropuerto de Nantes – Vannes Presentación en el aeropuerto de origen para coger nuestro vuelo con destino Nantes. A la llegada nos trasladaremos a Vannes. Cena. Noche en Vannes. Día 2 Vannes Por la mañana tendremos la celebración de la Eucaristía en la Catedral de Vannes.Tendremos también [&#8230;]
